600541 a prime number?
False
Is 65209121 composite?
True
Is 3638141 prime?
False
Is 4724831 a prime number?
True
Is 432888859 prime?
False
Is 794669 a composite number?
False
Is 19960739 a composite number?
False
Is 6352343 a composite number?
False
Is 39852733 a composite number?
True
Is 5663689 composite?
False
Is 81738403 composite?
True
Is 14442573 a prime number?
False
Is 1936381 a prime number?
True
Is 5434579 a composite number?
True
Is 15028077 a composite number?
True
Is 10889461 a prime number?
False
Is 153815293 prime?
True
Is 12105271 prime?
True
Is 10720067 a composite number?
True
Is 144767435 composite?
True
Is 9606529 prime?
True
Is 11141639 composite?
True
Is 188107 a composite number?
False
Is 5452327 prime?
True
Is 1167443 a composite number?
False
Is 452048921 composite?
True
Is 86763601 a prime number?
True
Is 1649737 a composite number?
False
Is 15465215 prime?
False
Is 236042971 composite?
True
Is 221721739 composite?
False
Is 4082901 a composite number?
True
Is 146359733 a prime number?
False
Is 140019169 composite?
False
Is 30093443 a composite number?
False
Is 2101439 prime?
True
Is 1754063 prime?
True
Is 26148103 a prime number?
True
Is 1004515 prime?
False
Is 8093299 a composite number?
True
Is 1566995 composite?
True
Is 385171 composite?
False
Is 186923563 a composite number?
False
Is 3416267 a composite number?
False
Is 1203773 a prime number?
True
Is 51688783 prime?
False
Is 219073879 a prime number?
False
Is 66141707 a prime number?
True
Is 259904639 a composite number?
False
Is 23849311 a prime number?
False
Is 1450685 a prime number?
False
Is 1338133 a prime number?
False
Is 6541363 a composite number?
False
Is 577957769 a composite number?
True
Is 18302 a composite number?
True
Is 156684551 prime?
True
Is 3492359 prime?
False
Is 20591257 prime?
False
Is 245668123 composite?
True
Is 15117133 composite?
False
Is 3922967 a composite number?
False
Is 16561033 composite?
False
Is 1291071 prime?
False
Is 1646303 a prime number?
True
Is 8434141 prime?
True
Is 2582311 a prime number?
True
Is 3072647 composite?
True
Is 127165307 a composite number?
False
Is 871861 prime?
False
Is 9513877 prime?
True
Is 35322589 a composite number?
True
Is 1416799 composite?
False
Is 2950279 prime?
False
Is 3184553 prime?
False
Is 7393687 a prime number?
False
Is 14998219 a composite number?
False
Is 8276273 a prime number?
True
Is 33983557 composite?
False
Is 652571 a prime number?
False
Is 16622363 a composite number?
True
Is 74532043 prime?
False
Is 11529493 a composite number?
True
Is 23124401 prime?
False
Is 248972551 a composite number?
False
Is 13238543 prime?
True
Is 89166593 a composite number?
False
Is 205299011 a composite number?
True
Is 5159779 composite?
False
Is 1710131 composite?
False
Is 56242207 prime?
False
Is 9452243 a composite number?
False
Is 15167419 composite?
True
Is 128894627 a prime number?
True
Is 5735719 a prime number?
False
Is 375671 composite?
True
Is 328928091 a prime number?
False
Is 12130973 a composite number?
False
Is 156717283 prime?
True
Is 2431106 composite?
True
Is 66411353 a composite number?
False
Is 75200997 prime?
False
Is 17772143 a prime number?
False
Is 195033 prime?
False
Is 266506 a composite number?
True
Is 9270329 a prime number?
False
Is 791420681 a prime number?
True
Is 63206727 a composite number?
True
Is 41811733 a prime number?
True
Is 1172377 composite?
False
Is 20243057 composite?
True
Is 1581053 a composite number?
False
Is 104841013 prime?
True
Is 3465431 a prime number?
False
Is 709747 a composite number?
True
Is 148156849 a composite number?
False
Is 7802563 composite?
False
Is 10718369 a prime number?
True
Is 82923787 composite?
False
Is 12618803 prime?
True
Is 1193029 prime?
False
Is 132557 composite?
True
Is 66368314 a prime number?
False
Is 3392209 a composite number?
False
Is 33174547 a composite number?
True
Is 8044103 a prime number?
True
Is 3247001 prime?
False
Is 33427519 a composite number?
False
Is 45751723 a prime number?
True
Is 48807937 a composite number?
True
Is 211200593 a prime number?
True
Is 827767 composite?
False
Is 157543871 a composite number?
True
Is 8098549 a prime number?
False
Is 140509 composite?
True
Is 207695557 prime?
True
Is 6631661 composite?
False
Is 88607686 a composite number?
True
Is 100756361 a composite number?
False
Is 56439209 a prime number?
True
Is 4040831 prime?
False
Is 470055947 prime?
False
Is 4192189 a composite number?
False
Is 5559691 a composite number?
False
Is 60412643 prime?
False
Is 4165573 a prime number?
True
Is 209123 a prime number?
True
Is 24503759 a composite number?
True
Is 1102441 prime?
True
Is 5275841 a composite number?
False
Is 10591933 prime?
False
Is 190593449 composite?
False
Is 180425485 a composite number?
True
Is 4558453 prime?
False
Is 30163541 a composite number?
False
Is 309733979 a prime number?
False
Is 993541 a composite number?
False
Is 1062689 a composite number?
True
Is 138051685 composite?
True
Is 242989 composite?
False
Is 170166521 a prime number?
False
Is 5086385 prime?
False
Is 564297871 prime?
True
Is 29038235 composite?
True
Is 7452041 a composite number?
True
Is 174469531 prime?
True
Is 19085114 a composite number?
True
Is 17572813 a prime number?
True
Is 19678457 a prime number?
True
Is 4629707 prime?
True
Is 101057387 prime?
True
Is 3656231 prime?
True
Is 403691 composite?
True
Is 19720781 a prime number?
True
Is 985679 prime?
True
Is 2917133 prime?
False
Is 7590053 composite?
False
Is 45982993 composite?
True
Is 2598763 composite?
True
Is 12433 prime?
True
Is 144349333 a prime number?
True
Is 4326229 prime?
True
Is 171387041 composite?
True
Is 739319227 composite?
True
Is 115745651 a composite number?
True
Is 9421977 composite?
True
Is 31263409 a composite number?
True
Is 80143211 a prime number?
False
Is 12328273 a composite number?
False
Is 150967447 prime?
True
Is 4304191 a composite number?
False
Is 20170607 composite?
False
Is 414401851 a composite number?
True
Is 71112271 composite?
True
Is 484719639 a composite number?
True
Is 18228059 prime?
True
Is 13945189 a composite number?
True
Is 98525213 composite?
False
Is 572317 a prime number?
False
Is 107644189 prime?
True
Is 3066673 prime?
False
Is 20498945 a composite number?
True
Is 8167039 a composite number?
False
Is 269021 a prime number?
False
Is 1447447 prime?
False
Is 15868169 prime?
True
Is 92290459 composite?
True
Is 64635859 composite?
True
Is 1984673 a composite number?
True
Is 13903441 a prime number?
False
Is 57040597 composite?
True
Is 3538597 prime?
False
Is 832211 a composite number?
False
Is 94095143 composite?
False
Is 994807 a composite number?
True
Is 268740133 prime?
True
Is 35178841 a composite number?
False
Is 33091853 a composite number?
True
Is 5062609 composite?
False
Is 7454494 prime?
False
Is 2229371 a prime number?
True
Is 30578621 composite?
False
Is 37574411 composite?
True
Is 788953871 a prime number?
False
Is 1485461 composite?
False
Is 960671 composite?
True
Is 353389 prime?
True
Is 2150911 a prime number?
False
Is 111177249 prime?
False
Is 72553463 a composite number?
True
Is 34203649 a prime number?
True
Is 203291 a prime number?
False
Is 950261743 composite?
False
Is 5620301 a composite number?
True
Is 11414957 prime?
True
Is 7370222 a composite number?
True
Is 304331 a composite number?
False
Is 32818463 a prime number?
False
Is 1078211 a composite number?
True
Is 266935219 composite?
False
Is 62088153 prime?
False
Is 37764709 composite?
False
Is 22710461 a composite number?
False
Is 684797 a composite number?
True
Is 389309359 prime?
False
Is 633236509 a composite number?
False
Is 21706463 prime?
True
Is 16766627 a prime number?
True
Is 744701 a composite number?
False
Is 7012195 a composite number?
True
Is 224779831 a prime number?
False
Is 20828833 a prime number?
False
Is 454577 a composite number?
False
Is 15721837 a composite number?
False
Is 69171239 a composite number?
False
Is 16856965 a composite number?
True
Is 733453013 a prime number?
False
Is 335928207 composite?
True
Is 37463339 a prime number?
False
Is 3208393 composite?
True
Is 5253071 a composite number?
False
Is 5604173 prime?
True
Is 4931671 a prime number?
True
Is 5539327 composite?
False
Is 554651681 prime?
False